{"id":512,"date":"2023-01-28T00:24:26","date_gmt":"2023-01-28T00:24:26","guid":{"rendered":"https:\/\/myaingenieriaysuministros.com.co\/?post_type=product&#038;p=512"},"modified":"2024-01-12T02:41:39","modified_gmt":"2024-01-12T02:41:39","slug":"union-mecanica-compresion-pp-pn-16-diametro-32mm","status":"publish","type":"product","link":"https:\/\/myaingenieriaysuministros.com.co\/index.php\/producto\/union-mecanica-compresion-pp-pn-16-diametro-32mm\/","title":{"rendered":"UNI\u00d3N MEC\u00c1NICA COMPRESI\u00d3N PP PN 16 DI\u00c1METRO 32mm"},"content":{"rendered":"","protected":false},"excerpt":{"rendered":"","protected":false},"featured_media":575,"comment_status":"open","ping_status":"closed","template":"","meta":{"_et_pb_use_builder":"","_et_pb_old_content":"","_et_gb_content_width":"","_joinchat":[]},"product_brand":[],"product_cat":[26],"product_tag":[],"class_list":{"0":"post-512","1":"product","2":"type-product","3":"status-publish","4":"has-post-thumbnail","6":"product_cat-accesorios-rapidos-compresion","8":"first","9":"instock","10":"taxable","11":"shipping-taxable","12":"purchasable","13":"product-type-simple"},"yoast_head":"<!-- This site is optimized with the Yoast SEO Premium plugin v14.8.1 - https:\/\/yoast.com\/wordpress\/plugins\/seo\/ -->\n<title>UNI\u00d3N MEC\u00c1NICA COMPRESI\u00d3N PP PN 16 DI\u00c1METRO 32mm - TERMOFUSI\u00d3N<\/title>\n<meta name=\"robots\" content=\"index, follow\" \/>\n<meta name=\"googlebot\" content=\"index, follow, max-snippet:-1, max-image-preview:large, max-video-preview:-1\" \/>\n<meta name=\"bingbot\" content=\"index, follow, max-snippet:-1, max-image-preview:large, max-video-preview:-1\" \/>\n<link rel=\"canonical\" href=\"https:\/\/myaingenieriaysuministros.com.co\/index.php\/producto\/union-mecanica-compresion-pp-pn-16-diametro-32mm\/\" \/>\n<meta property=\"og:locale\" content=\"es_ES\" \/>\n<meta property=\"og:type\" content=\"article\" \/>\n<meta property=\"og:title\" content=\"UNI\u00d3N MEC\u00c1NICA COMPRESI\u00d3N PP PN 16 DI\u00c1METRO 32mm - TERMOFUSI\u00d3N\" \/>\n<meta property=\"og:url\" content=\"https:\/\/myaingenieriaysuministros.com.co\/index.php\/producto\/union-mecanica-compresion-pp-pn-16-diametro-32mm\/\" \/>\n<meta property=\"og:site_name\" content=\"TERMOFUSI\u00d3N\" \/>\n<meta property=\"article:publisher\" content=\"https:\/\/www.facebook.com\/jorge.alexander042009?locale=es_LA\" \/>\n<meta property=\"article:modified_time\" content=\"2024-01-12T02:41:39+00:00\" \/>\n<meta property=\"og:image\" content=\"https:\/\/myaingenieriaysuministros.com.co\/wp-content\/uploads\/2023\/01\/WhatsApp-Image-2023-02-03-at-11.35.03-AM.jpeg\" \/>\n\t<meta property=\"og:image:width\" content=\"1007\" \/>\n\t<meta property=\"og:image:height\" content=\"1024\" \/>\n<meta name=\"twitter:card\" content=\"summary_large_image\" \/>\n<script type=\"application\/ld+json\" class=\"yoast-schema-graph\">{\"@context\":\"https:\/\/schema.org\",\"@graph\":[{\"@type\":\"Organization\",\"@id\":\"https:\/\/myaingenieriaysuministros.com.co\/#organization\",\"name\":\"M&A INGENIERIA Y SUMINISTROS SAS\",\"url\":\"https:\/\/myaingenieriaysuministros.com.co\/\",\"sameAs\":[\"https:\/\/www.facebook.com\/jorge.alexander042009?locale=es_LA\"],\"logo\":{\"@type\":\"ImageObject\",\"@id\":\"https:\/\/myaingenieriaysuministros.com.co\/#logo\",\"inLanguage\":\"es\",\"url\":\"https:\/\/myaingenieriaysuministros.com.co\/wp-content\/uploads\/2023\/01\/loguino2.png\",\"width\":811,\"height\":338,\"caption\":\"M&A INGENIERIA Y SUMINISTROS SAS\"},\"image\":{\"@id\":\"https:\/\/myaingenieriaysuministros.com.co\/#logo\"}},{\"@type\":\"WebSite\",\"@id\":\"https:\/\/myaingenieriaysuministros.com.co\/#website\",\"url\":\"https:\/\/myaingenieriaysuministros.com.co\/\",\"name\":\"M&amp;A\",\"description\":\"Ingenieria y Suministros\",\"publisher\":{\"@id\":\"https:\/\/myaingenieriaysuministros.com.co\/#organization\"},\"potentialAction\":[{\"@type\":\"SearchAction\",\"target\":\"https:\/\/myaingenieriaysuministros.com.co\/?s={search_term_string}\",\"query-input\":\"required name=search_term_string\"}],\"inLanguage\":\"es\"},{\"@type\":\"ImageObject\",\"@id\":\"https:\/\/myaingenieriaysuministros.com.co\/index.php\/producto\/union-mecanica-compresion-pp-pn-16-diametro-32mm\/#primaryimage\",\"inLanguage\":\"es\",\"url\":\"https:\/\/myaingenieriaysuministros.com.co\/wp-content\/uploads\/2023\/01\/WhatsApp-Image-2023-02-03-at-11.35.03-AM.jpeg\",\"width\":1007,\"height\":1024},{\"@type\":\"WebPage\",\"@id\":\"https:\/\/myaingenieriaysuministros.com.co\/index.php\/producto\/union-mecanica-compresion-pp-pn-16-diametro-32mm\/#webpage\",\"url\":\"https:\/\/myaingenieriaysuministros.com.co\/index.php\/producto\/union-mecanica-compresion-pp-pn-16-diametro-32mm\/\",\"name\":\"UNI\\u00d3N MEC\\u00c1NICA COMPRESI\\u00d3N PP PN 16 DI\\u00c1METRO 32mm - TERMOFUSI\\u00d3N\",\"isPartOf\":{\"@id\":\"https:\/\/myaingenieriaysuministros.com.co\/#website\"},\"primaryImageOfPage\":{\"@id\":\"https:\/\/myaingenieriaysuministros.com.co\/index.php\/producto\/union-mecanica-compresion-pp-pn-16-diametro-32mm\/#primaryimage\"},\"datePublished\":\"2023-01-28T00:24:26+00:00\",\"dateModified\":\"2024-01-12T02:41:39+00:00\",\"inLanguage\":\"es\",\"potentialAction\":[{\"@type\":\"ReadAction\",\"target\":[\"https:\/\/myaingenieriaysuministros.com.co\/index.php\/producto\/union-mecanica-compresion-pp-pn-16-diametro-32mm\/\"]}]}]}<\/script>\n<!-- \/ Yoast SEO Premium plugin. -->","_links":{"self":[{"href":"https:\/\/myaingenieriaysuministros.com.co\/index.php\/wp-json\/wp\/v2\/product\/512","targetHints":{"allow":["GET"]}}],"collection":[{"href":"https:\/\/myaingenieriaysuministros.com.co\/index.php\/wp-json\/wp\/v2\/product"}],"about":[{"href":"https:\/\/myaingenieriaysuministros.com.co\/index.php\/wp-json\/wp\/v2\/types\/product"}],"replies":[{"embeddable":true,"href":"https:\/\/myaingenieriaysuministros.com.co\/index.php\/wp-json\/wp\/v2\/comments?post=512"}],"wp:featuredmedia":[{"embeddable":true,"href":"https:\/\/myaingenieriaysuministros.com.co\/index.php\/wp-json\/wp\/v2\/media\/575"}],"wp:attachment":[{"href":"https:\/\/myaingenieriaysuministros.com.co\/index.php\/wp-json\/wp\/v2\/media?parent=512"}],"wp:term":[{"taxonomy":"product_brand","embeddable":true,"href":"https:\/\/myaingenieriaysuministros.com.co\/index.php\/wp-json\/wp\/v2\/product_brand?post=512"},{"taxonomy":"product_cat","embeddable":true,"href":"https:\/\/myaingenieriaysuministros.com.co\/index.php\/wp-json\/wp\/v2\/product_cat?post=512"},{"taxonomy":"product_tag","embeddable":true,"href":"https:\/\/myaingenieriaysuministros.com.co\/index.php\/wp-json\/wp\/v2\/product_tag?post=512"}],"curies":[{"name":"wp","href":"https:\/\/api.w.org\/{rel}","templated":true}]}}